4*u + 8027 = 5*x - 6659, -3*x + 5*u = -8819. Calculate the highest common factor of x and 130.
26
Suppose 55*l - 84*l = -305544. What is the highest common divisor of 48 and l?
24
Suppose 4788 = 232*m - 226*m. Calculate the greatest common factor of 10906 and m.
266
Suppose 0 = -2*b - a + 828, -10*a + 6 = -13*a. Calculate the highest common factor of 30 and b.
5
Let l = 84 + -90. Let t be 11/(-33) - 110/l. Let h(b) = -2*b**3 - 5*b**2 - 8*b - 3. Let r be h(-5). What is the highest common divisor of r and t?
18
Let g be (4/16)/((-60313)/60324 - (-2 + 1)). What is the highest common divisor of 9 and g?
3
Let f(h) = -h**3 + 13*h**2 + 12*h - 254. Let k be f(12). What is the highest common factor of k and 646?
34
Suppose 0 = -s + 4*b - 8*b - 26, 5*b + 55 = -5*s. Let p be (-8)/s*(-21 - -9). Let f be -189*(p/(-6) + -3). Calculate the highest common factor of 7 and f.
7
Suppose 0 = -5*c + 5*b + 215, 2*c + 5*b - 93 = -0*b. Let k = c + -52. Let l = k + 22. Calculate the greatest common factor of l and 42.
14
Let p be 45501/(-27) + 8/36. Let g be p/(-10) + 3 + 42/(-12). Suppose -2*b - 97 = -5*k, -3*b + 39 = 2*k - 15. Calculate the highest common divisor of g and k.
21
Let d = 7956 + -7860. What is the highest common factor of d and 2796?
12
Let f = -63 - -26. Let k = 37 + f. Suppose k - 12 = -2*r - 2*l, -5*l - 40 = -5*r. What is the greatest common divisor of r and 35?
7
Suppose 0 = 28*k - 24*k + 68. Let q be (-1 - k)/(2/(-4 + 8)). Calculate the greatest common divisor of q and 4.
4
Let v = 3023 - -904. What is the highest common factor of v and 1848?
231
Suppose -218 = -j - z + 56, -6*j + 1649 = z. Calculate the highest common factor of j and 20.
5
Let t be -3 + ((-580)/(-6) - 12/(-36)). Let n = t - 100. Let g be 4*n/(-8) - -4. What is the greatest common divisor of g and 7?
7
Let a(y) = 549*y**2 - 40*y - 168. Let m be a(-6). Suppose -22*b - 16*b + m = 0. Calculate the greatest common divisor of b and 18.
18
Let w = -68 - -65. Let k = 20 - w. Let y = 27 - k. What is the greatest common divisor of 68 and y?
4
Suppose 0 = 6*x - 4*z - 184, 0 = 4*x - 6*x - 3*z + 83. Calculate the highest common factor of 1666 and x.
34
Let g be (90/35)/(12 - 2505168/208768). Calculate the highest common factor of 192 and g.
48
Let q be (12/(-2))/((-476)/231 - -2). Suppose 90*s - q*s + 234 = 0. What is the highest common factor of 858 and s?
26
Let t(j) = -2*j**3 + 17*j**2 + 9*j - 16. Let i(m) = -m**2 + 20*m + 133. Let x be i(25). Let c be t(x). Calculate the highest common divisor of c and 45.
15
Suppose -4*k + 2*o = -200, -3*o = 5*k - 153 - 75. What is the highest common divisor of 44 and k?
4
Let h(n) = n**3 + 14*n**2 - 187*n - 2255. Let t be h(-11). Suppose 111 + 54 = 3*l. Calculate the greatest common factor of t and l.
55
Suppose -2*y + 15 - 57 = -5*m, -m + 34 = -2*y. Let r be (y/(-10))/(46/1495). What is the highest common factor of r and 13?
13
Suppose 931*g + 5610 = 1864*g - 928*g. Calculate the greatest common divisor of 306 and g.
102
Let h(y) = -47*y - 154. Let w be h(-14). Calculate the highest common divisor of w and 105.
21
Let d be (-602)/21*(-2 - 1). Let u be 0 + -1 - (-210 + -6). What is the greatest common factor of u and d?
43
Let m = -2551 - -24888. What is the greatest common divisor of m and 7?
7
Let k = 3 - 3. Let u(r) = -r + 132. Let d be u(k). Let y(b) = -162*b - 15054. Let m be y(-93). Calculate the highest common factor of d and m.
12
Suppose -2420 = 314*b - 336*b. What is the highest common divisor of b and 4928?
22
Let n = -26658 + 32898. What is the greatest common divisor of 840 and n?
120
Let y(j) = 2*j**2 + 189*j - 6112. Let z be y(-120). What is the greatest common divisor of z and 13448?
8
Let x be -344 + (4 + -4)/4. Let z be 13/((-52)/x) - 1*2. What is the highest common factor of 21 and z?
21
Suppose -4*w + 13 = l - 15, 0 = 3*l - 2*w - 154. Let a(c) = 6*c + 6. Let k be a(6). Suppose -36*v + k*v = l. Calculate the highest common divisor of v and 128.
8
Let b = -6433 + 6487. What is the greatest common factor of 384 and b?
6
Suppose -80*x + 167*x - 8428 = 59*x. Calculate the greatest common factor of 77 and x.
7
Suppose -60*v = -59*v. Suppose -883 = -5*d - x, v*x - 5*x = -15. Calculate the greatest common divisor of 44 and d.
44
Let n be ((-55)/(-10) - 4)/((-10)/(-520)). What is the highest common divisor of 7644 and n?
78
Let h be -5 + 4 - -26 - -2. Let m be (-12)/(-28) - 50/(-14). Let z = m - -5. What is the highest common factor of z and h?
9
Let z(i) = 6*i**2 + 2*i - 16. Let p be z(-7). Let j = 265 - p. Calculate the greatest common factor of 55 and j.
1
Let g = -32 + 211. What is the greatest common factor of g and 1?
1
Let o(d) = -2*d**3 - 72*d**2 + 71*d + 73. Let t be o(-37). What is the highest common factor of 6578 and t?
46
Let n be (13240/25)/(1/5). What is the highest common factor of 331 and n?
331
Suppose 76*d + 192694 = 135*d. Calculate the highest common factor of d and 92.
46
Suppose -3*n = -5*r + 27 - 25, 5*r + 6 = n. Let m be 0 + (-363)/(-22) + 2/n. What is the highest common divisor of 128 and m?
16
Suppose -24 = -23*x + 22. Suppose -125 = -5*d + 5*w, -d + 20 = -x*w - 7. What is the greatest common factor of d and 299?
23
Let b(p) = 3*p + 83. Let r be b(-26). Suppose -297 = -5*n + c, -r*n + 2*c = -0*c - 299. What is the highest common divisor of n and 177?
59
Let f(k) = -1376*k - 272. Let o be f(-1). What is the highest common divisor of o and 9752?
184
Let b(g) = 161*g + 680. Let h be b(-4). Calculate the highest common divisor of h and 5028.
12
Let b(f) = -69*f - 12 - 21*f**2 - 3*f**3 + 178*f - 95*f. Let q be b(-8). Let p = 2 + 2. Calculate the highest common divisor of p and q.
4
Let w = 21764 + -17617. What is the greatest common factor of w and 247?
13
Let a(u) = 713*u**2 + 4*u + 3. Let c be a(-1). Suppose -2*d = 3*l - 728, 28*d = -3*l + 30*d + c. Calculate the greatest common divisor of 144 and l.
48
Let q(w) = -7*w**2 - 196*w + 95. Let u be q(-28). Calculate the highest common factor of 215 and u.
5
Let r(q) = -49*q**2 - 372*q - 8. Let d be r(-6). What is the greatest common divisor of d and 100?
20
Let g(j) = 78*j**2 + 10*j + 8. Let z be g(-1). Calculate the greatest common divisor of 28 and z.
4
Let p = 5349 + -5050. Calculate the greatest common divisor of p and 460.
23
Let s be 18/60*4*((-3200)/(-6))/4. Calculate the highest common factor of 520 and s.
40
Let o be (-6 - 1)*(-9 - (-4 - 3)). Suppose -o*y = -97 - 141. What is the highest common factor of 17 and y?
17
Suppose -191 + 1141 = 19*j. Calculate the highest common factor of 1600 and j.
50
Suppose -2*s - 522 = -0*k - 2*k, 20 = -4*s. Suppose 28*t - 192 = k. Suppose 0 = 3*j - 0*j - 432. What is the highest common factor of t and j?
16
Let b = -46969 - -46973. Suppose -k + 3*r = 6*r - 119, 5*k + 5*r - 545 = 0. Calculate the highest common divisor of b and k.
4
Suppose 15*x = 95*x - 85129 - 38151. Calculate the highest common divisor of 69 and x.
23
Suppose -4*p + 8 = 0, 160*p - 158*p = -3*t - 23. Let v be (1174/6)/1 + 6/t. Calculate the greatest common divisor of 15 and v.
15
Suppose -259*k + 199*k = -507780. Calculate the greatest common divisor of 279 and k.
93
Let d = -18282 + 18882. What is the highest common divisor of d and 1620?
60
Let l = -5784 - -7118. What is the greatest common divisor of l and 322?
46
Suppose 4*h = -i - 12, 5*i - 3*h - 5 = 4. Suppose i = -7*z + 3*z - 4. Let m be z/(0 - 1/17). Calculate the highest common divisor of m and 136.
17
Let j be -1 - -7 - (5 + -341)/7. What is the highest common divisor of j and 2889?
27
Let c be (459 - 1) + 30*(-6)/(-30). What is the highest common divisor of c and 2030?
58
Let w(n) = 5*n**2 - 4*n + 46. Let o be w(5). Suppose -5*x = -10*x - 4*t + 215, 4*x - o = t. What is the highest common divisor of x and 468?
39
Suppose 95 = 6*n - 73. Suppose 0 = -2*m + m + 3*z + n, 0 = 2*m + 4*z - 16. Calculate the greatest common factor of 24 and m.
8
Let a(p) = 107*p - 648 + 677 - 39*p. Let z be a(2). What is the highest common divisor of z and 55?
55
Suppose 5*v + b = -159, -2*v + 33*b - 67 = 30*b. Let w be 54/((-4)/(v/6)). What is the greatest common factor of w and 90?
18
Let z = 381 + 499. Let g(j) = 2*j**2 - 38*j - 1600. Let y be g(40). Calculate the greatest common factor of z and y.
80
Let b = -20 + 26